isor of 42258 and 6.
6
Calculate the highest common factor of 681490 and 46.
46
What is the greatest common divisor of 146 and 86651?
73
What is the greatest common factor of 500 and 219500?
500
What is the highest common divisor of 5364947 and 7?
7
What is the highest common divisor of 80512 and 53856?
544
What is the highest common factor of 846 and 558?
18
What is the highest common factor of 1364382 and 18?
18
What is the greatest common factor of 5202 and 2112?
6
What is the highest common factor of 485853 and 852?
213
What is the greatest common factor of 2622 and 18145?
19
Calculate the highest common divisor of 6 and 2768574.
6
Calculate the highest common divisor of 1379 and 118791.
197
Calculate the highest common factor of 400620 and 18.
6
Calculate the highest common factor of 15025 and 6075.
25
What is the highest common factor of 56 and 10521?
7
What is the highest common divisor of 157 and 2327054?
157
Calculate the greatest common factor of 116864 and 512.
128
What is the highest common divisor of 1430 and 5500?
110
Calculate the greatest common divisor of 29 and 421747.
29
Calculate the highest common divisor of 21 and 221256.
21
Calculate the highest common factor of 6265 and 8855.
35
Calculate the highest common factor of 32617 and 1859.
169
What is the greatest common divisor of 286 and 1664?
26
What is the greatest common divisor of 7465 and 2935?
5
What is the highest common factor of 39149 and 154?
11
What is the highest common factor of 737 and 2651?
11
Calculate the highest common factor of 4436 and 144.
4
Calculate the greatest common divisor of 830 and 69554.
166
Calculate the greatest common divisor of 240317 and 44.
11
What is the highest common factor of 6407 and 303811?
149
What is the highest common divisor of 1387 and 5225?
19
Calculate the highest common divisor of 1022 and 9142.
14
Calculate the highest common factor of 740657 and 1249.
1249
Calculate the highest common divisor of 4545735 and 15.
15
What is the highest common divisor of 589484 and 8288?
1036
Calculate the highest common divisor of 1719 and 28841.
191
What is the highest common divisor of 121691 and 1606?
73
What is the highest common divisor of 267083 and 19?
19
Calculate the highest common divisor of 5 and 633665.
5
Calculate the greatest common factor of 3 and 217641.
3
What is the highest common factor of 16080 and 12?
12
Calculate the greatest common factor of 20246 and 6572.
106
Calculate the greatest common factor of 586 and 33109.
293
Calculate the greatest common factor of 37290 and 11990.
110
Calculate the greatest common factor of 48137 and 592.
37
What is the greatest common divisor of 65727 and 545?
109
Calculate the highest common factor of 22231 and 781.
11
Calculate the greatest common divisor of 131110 and 1120.
70
What is the highest common factor of 2668 and 5658?
46
Calculate the highest common divisor of 51 and 275451.
51
What is the highest common divisor of 6 and 24623?
1
Calculate the highest common factor of 119885 and 5.
5
What is the greatest common divisor of 872949 and 693?
231
Calculate the highest common factor of 20 and 17760.
20
Calculate the highest common divisor of 65 and 801840.
65
Calculate the highest common divisor of 71 and 29749.
71
Calculate the greatest common factor of 1687 and 266787.
241
Calculate the highest common divisor of 372 and 51.
3
Calculate the highest common factor of 2598 and 423907.
433
What is the greatest common factor of 224763 and 11?
11
What is the highest common factor of 201545 and 5?
5
What is the greatest common factor of 2160 and 6660?
180
Calculate the highest common factor of 1496 and 31144.
136
What is the greatest common factor of 210800 and 544?
272
What is the greatest common divisor of 72 and 313371?
9
Calculate the highest common factor of 820 and 46660.
20
Calculate the highest common factor of 38107 and 53.
53
What is the highest common factor of 513 and 126?
9
What is the highest common factor of 5152 and 62629?
161
What is the highest common divisor of 165068 and 116?
116
Calculate the highest common divisor of 62650 and 200.
50
What is the highest common divisor of 3876 and 2312?
68
Calculate the highest common divisor of 38472 and 2730.
42
What is the greatest common factor of 3224 and 136968?
104
Calculate the highest common divisor of 41678 and 27938.
458
What is the greatest common factor of 12 and 56957?
1
What is the highest common divisor of 40 and 7870?
10
What is the greatest common divisor of 17904 and 432?
48
Calculate the highest common divisor of 66724 and 364.
28
Calculate the highest common factor of 1382180 and 140.
20
What is the highest common factor of 4015260 and 120?
60
What is the greatest common divisor of 12217 and 2375?
19
What is the highest common factor of 16320 and 432?
48
What is the highest common divisor of 42 and 2706578?
14
What is the highest common divisor of 39 and 47823?
3
What is the greatest common divisor of 11 and 130570?
11
What is the highest common divisor of 35451 and 78?
39
Calculate the greatest common factor of 537 and 236459.
179
What is the highest common factor of 140771 and 209?
19
Calculate the highest common divisor of 98370 and 270.
90
Calculate the greatest common divisor of 8632 and 32536.
664
Calculate the highest common divisor of 70 and 22200.
10
Calculate the greatest common divisor of 140 and 46760.
140
What is the greatest common divisor of 170 and 799935?
85
What is the highest common factor of 1059399 and 1188?
297
What is the greatest common divisor of 115491 and 7946?
137
What is the highest common factor of 1374 and 9?
3
Calculate the highest common divisor of 74228 and 16324.
308
What is the greatest common factor of 59172 and 3456?
12
Calculate the greatest common divisor of 5684 and 13132.
196
What is the highest common divisor of 3297 and 5124?
21
Calculate the highest common divisor of 11 and 4208523.
11
Calculate the highest common divisor of 164430 and 1470.
210
Calculate the greatest common factor of 23550 and 30.
30
What is the highest common divisor of 456 and 47139?
57
What is the greatest common factor of 12239 and 1?
1
Calculate the greatest common divisor of 2627 and 66711.
37
Calculate the highest common divisor of 7464 and 402123.
933
Calculate the highest common divisor of 731 and 157777.
17
Calculate the greatest common divisor of 262020 and 1590.
30
What is the greatest common divisor of 75515 and 440?
55
Calculate the greatest common divisor of 116 and 27869.
29
Calculate the greatest common factor of 25975 and 47794.
1039
What is the highest common divisor of 456805 and 1545?
515
Calculate the greatest common factor of 115 and 207.
23
What is the highest common divisor of 2309882 and 1556?
778
What is the highest common factor of 784 and 1745576?
392
Calculate the highest common divisor of 5624 and 232.
8
What is the highest common divisor of 66 and 212146?
22
Calculate the greatest common factor of 232576 and 552.
184
What is the greatest common divisor of 224 and 28512?
32
What is the highest common divisor of 2 and 55994?
2
What is the greatest common factor of 13189 and 3379?
109
What is the greatest common factor of 13533 and 156?
39
Calculate the greatest common factor of 223740 and 60.
60
What is the greatest common divisor of 406 and 1798?
58
Calculate the greatest common factor of 50 and 24550.
50
What is the highest common divisor of 232 and 1218?
58
What is the highest common factor of 1000049 and 353?
353
Calculate the highest common factor of 364 and 574756.
364
What is the greatest common divisor of 21 and 4519599?
21
What is the greatest common divisor of 31360 and 5440?
320
What is the greatest common factor of 3146 and 8470?
242
What is the greatest common divisor of 522 and 468054?
18
What is the highest common divisor of 49810 and 1758?
586
What is the highest common divisor of 4692 and 1127?
23
Calculate the greatest common divisor of 285 and 169815.
15
Calculate the greatest common divisor of 1160 and 861880.
1160
Calculate the greatest common divisor of 444 and 38739.
111
Calculate the greatest common divisor of 91380 and 780.
60
What is the highest common divisor of 69 and 253?
23
What is the greatest common factor of 135907 and 2177?
311
What is